ime factors of (17 + (-462)/28)/(2/188828*1).
47207
Let c = 60394 - 32957. List the prime factors of c.
27437
Suppose -5*k - 4*p + 394582 = 0, -23*p + 28*p - 157843 = -2*k. List the prime factors of k.
2, 11, 17, 211
Suppose -206*q + 218*q = 83796. What are the prime factors of q?
6983
Suppose 26 - 46 = -4*q. Suppose 4*t + 3*d = 188, -225 = -4*t + q*d - 37. What are the prime factors of t?
47
Let n be -16*2/(-3)*(-72)/(-16). Suppose 6*p = 828 + n. What are the prime factors of p?
2, 73
List the prime factors of ((-49045)/(-255))/(((-14)/396)/(-7)).
2, 3, 11, 577
Let v(o) = -o**3 + 4*o**2 + o + 32654. Let i be v(0). Suppose i = 17*j + 12*j. List the prime factors of j.
2, 563
Suppose -33 = -4*d + 5*u, 0 = u - 2*u - 5. Suppose 5*t = j - 397 - 546, -d*t = 3*j + 384. Let b = -74 - t. List the prime factors of b.
5, 23
Suppose -77*i - 52008 = -81*i. What are the prime factors of i?
2, 3, 11, 197
Suppose -f - y + 913 = 0, -3*f + 5*y = 2*f - 4595. List the prime factors of f.
2, 229
What are the prime factors of (-755)/(-1359)*3/5 + 42154/6?
2, 3, 1171
Suppose -3*j - 6 = 3. Let l be 58968/520 - 4/10. Let i = l - j. What are the prime factors of i?
2, 29
Let d be 8/(-8) + 6 - (5 + 0). Suppose -24*v + 5835 + 5037 = d. List the prime factors of v.
3, 151
Suppose 1411*g - 1117495 = 1367*g + 1326441. What are the prime factors of g?
2, 53, 131
Let p(q) = 2255*q + 10234. What are the prime factors of p(36)?
2, 45707
What are the prime factors of 17399261/1155 + (-6)/14 - (-26)/195?
2, 7, 269
Let t = 6856 - 3649. What are the prime factors of t?
3, 1069
Suppose -2*w - 4*n + 170 = 0, 150 = 2*w - 5*n + 7. Let v = 45 - w. Let u = -13 - v. What are the prime factors of u?
3, 7
Let n = -4889 - -8610. List the prime factors of n.
61
Suppose 0 = 11*y - 14*y - 5*j + 37, y - 17 = 3*j. Suppose -7440 - 2892 = -y*c. What are the prime factors of c?
2, 3, 41
Let n(j) = -40798*j**3 + 4*j**2 - 7*j - 8. What are the prime factors of n(-1)?
40801
Let b(k) be the first derivative of k**2 + 42*k - 13. Let p be b(-17). Let u(v) = v**2 - v + 1. What are the prime factors of u(p)?
3, 19
Let h = -39 + -20. Let s = h - -59. Suppose s*c = -4*c + 92. What are the prime factors of c?
23
Suppose d - 46178 = -4*r, -r + 4*d = 9*d - 11573. What are the prime factors of r?
7, 17, 97
Let j = 2363 - -5058. What are the prime factors of j?
41, 181
Let a = 62 + -57. Suppose 1 - a = -2*q. Suppose -3*v + 91 = -q*v. What are the prime factors of v?
7, 13
Let j(o) be the first derivative of o**6/360 + o**5/60 - o**4/6 + 7*o**3/3 + 2. Let t(u) be the third derivative of j(u). What are the prime factors of t(6)?
2, 11
Suppose -3*f - 3813 = -4*f - z, -2*z = 3*f - 11443. Suppose 50*j - 61*j + f = 0. What are the prime factors of j?
347
Let i(b) be the first derivative of 69*b**2 + 12*b - 111. List the prime factors of i(4).
2, 3, 47
Let i = 617 - 613. Suppose -2476 = -2*y + 5*b, -2*y + i*y - 2476 = 4*b. List the prime factors of y.
2, 619
Let n(h) = -2*h**2 - 15*h - 24. Let b be n(-3). Let o(l) = 174*l + 17. List the prime factors of o(b).
7, 11
Let z = -42452 + 67156. List the prime factors of z.
2, 193
Suppose 0 = -4*i - i + 5*h + 25, 4*h + 11 = i. Let o(s) = 53*s**2 + 3*s - 1. Let w be o(i). Suppose -19 = -6*n + w. What are the prime factors of n?
2, 3, 7
Let z be 3 - (-4 - (0 + -1)). Suppose 6*j - z = 3*j. Suppose 5*r - j*a = 150, 3*r + 20 - 110 = a. What are the prime factors of r?
2, 3, 5
Suppose 3*c - 189*d + 188*d = 101363, -4*d - 168943 = -5*c. What are the prime factors of c?
13, 23, 113
Suppose -17*z - 9*z = -3*z - 257301. What are the prime factors of z?
3, 11, 113
Suppose -g + 2*n - 637 = 4*g, -4*n + 500 = -4*g. Let v = 111 + g. What are the prime factors of ((-6 - 0) + v)/((-4)/30)?
2, 3, 5
Suppose 60*i - 6120 = 68*i. Let k = 1147 + i. What are the prime factors of k?
2, 191
Suppose -2*i + s - 12 = 0, -27*s = -5*i - 22*s - 35. Suppose -2*o = -3*o + 1. What are the prime factors of o*1*-9*(i - 7)?
2, 3
Let t(n) = -45 + 3*n**2 + 5*n**2 + 55*n - n**2 - 48*n - 6*n**2. List the prime factors of t(-23).
17, 19
Suppose -25*x + 208504 + 163396 = 0. List the prime factors of x.
2, 3719
Suppose -3*j + 11*j = 696. Suppose y - 5*y + 3*l + j = 0, 4*l - 84 = -3*y. Suppose -y = -4*r + 224. What are the prime factors of r?
2, 31
Let w be (6/(-12))/(2/(-28)). Suppose 2*m - 2*a - 2 = 0, w = 2*m + 3*a - 0. List the prime factors of (m - (-1 - 1))*19.
2, 19
Let m = -43 - -48. Suppose -1 = -3*y - 2*s, 0*y + 2*s - 9 = m*y. What are the prime factors of y*3 + 9/9 + 111?
109
What are the prime factors of 370/20*-2*(-2 - 113)?
5, 23, 37
Let k(g) = -g**3 + 12*g**2 - 12*g + 7. Let u be k(10). Suppose 0 = 5*t + u + 13. Let x = 57 + t. List the prime factors of x.
37
Let t(d) = -33*d**2 - 18*d - 47. Let f be t(-3). Let l = f + 506. List the prime factors of l.
2, 3
What are the prime factors of (-2)/(2/(-43))*68?
2, 17, 43
Let v = 1068 + -433. Suppose 0 = -3*n + 2*n + 441. Let u = v - n. What are the prime factors of u?
2, 97
Let i = -28 - -48. Suppose 2 = -6*o + i. List the prime factors of 0 + (1 - o)/1 - -64.
2, 31
Let w(z) = -z**2 + 9*z + 18. Let t be w(10). Let a be t/(-1*6/63). Let m = -40 - a. List the prime factors of m.
2, 11
Let b be 1 + (-4 + -5 - -3). Let h = b + 16. Suppose h = 4*f - 3*f. What are the prime factors of f?
11
Let z = -2306 - -2314. Let u(t) be the second derivative of t**5/10 - 11*t**4/12 - 5*t**3/6 - 5*t**2/2 + t. List the prime factors of u(z).
5, 11
Let j(p) = -11*p - 108. Suppose -7*c = 48*c + 660. List the prime factors of j(c).
2, 3
Let b(g) be the second derivative of -2*g**3 + 21*g + 0 + 43/2*g**2. What are the prime factors of b(-11)?
5, 7
Let o(t) = 3*t + 6. Let j be o(3). Let i = j + -3. Let v(w) = 7*w - 9. List the prime factors of v(i).
3, 5
Let s(r) = r**2 + 7*r - 26. Suppose 656*a = 652*a - 64. List the prime factors of s(a).
2, 59
Let c(w) = -2*w**3 + 5*w**2 + 2*w + 5. Let h be c(3). Let o(f) = h - 2 - 14*f - 2 - 1. What are the prime factors of o(-5)?
67
Let q = 125 + -124. Let c be (-28)/(-6)*(-18)/(-21)*q. Suppose 412 = 2*m + 5*d - 39, -2*m - c*d = -452. List the prime factors of m.
2, 3, 19
Let s be -3*(-4)/6 + (-17 - -19). Suppose -s*j = -y - 953, 3*j + y + 146 = 866. Suppose 27 = 2*x - j. What are the prime factors of x?
7, 19
Let f be 29*(-15)/10*6/9. Let n(l) = -25*l + 149. List the prime factors of n(f).
2, 19, 23
Let z(i) = -1108*i + 3245. What are the prime factors of z(-36)?
43133
Suppose -2*b = -58 + 10. Suppose -b*r + 2313 = -21*r. Suppose 9*v - 183 - r = 0. What are the prime factors of v?
2, 53
Let d(v) = -712*v - 2847. What are the prime factors of d(-17)?
9257
Let a = 37 + -48. Let s(c) = c**3 + 10*c**2 - 11*c + 4. Let k be s(a). Suppose -224 = -5*r + 2*m, -m = -k*r + 130 + 51. List the prime factors of r.
2, 23
Suppose 2*k = 3*k. Suppose -39*n + 12820 = -245. Suppose -6*a + a + n = k. List the prime factors of a.
67
Let y(r) = -2*r**3 + 3*r**2 - 8*r + 7. Let j be y(-5). Let v = j - 91. What are the prime factors of v?
281
Suppose 2*f = 14, 2*n = -572*f + 570*f + 23270. What are the prime factors of n?
2, 3, 17, 19
Let q be -131 + (-20)/4 + 4. What are the prime factors of q/165 + (-1139)/(-5)?
227
Let r be 6/9*3 + 42. Suppose 5*k = 15, k = 5*d - 177 + 855. What are the prime factors of (-11)/r - (d/12 + -1)?
2, 3
Let s(b) = 422*b - 200. What are the prime factors of s(19)?
2, 3, 1303
Let f(q) = -8*q - 36. Let z be f(-4). Let i be (-6 - -4 - z)/2. List the prime factors of -215*(3 + (i - 2)*4).
5, 43
Let j = -18 - -19. Let u be 64 - 4*j/1. Let t = -10 + u. List the prime factors of t.
2, 5
Suppose 33*v - 24*v - 27 = 0. Suppose -2*b + v*l + 4133 = 2*b, -3*l - 3099 = -3*b. Suppose 0 = 8*s - b - 1222. List the prime factors of s.
2, 3, 47
Let z = 22 + -21. Suppose d = -r + z - 2, d + 16 = -4*r. List the prime factors of (-1509)/(-42)*d - (-2)/7.
2, 3
Let d = 247 + -257. What are the prime factors of ((-300)/(-16))/(-5)*320/d?
2, 3, 5
Suppose 180450 = -24*y + 616578. What are the prime factors of y?
2, 7, 11, 59
Let w(n) = 26 - 4*n - n - 21. Let t be w(-5). Let a = 3 + t. What are the prime factors of a?
3, 11
Let h(q) = -63*q**2 + 7*q + 11. Let u(m) = -m**2. Let z(l) = -h(l) + 3*u(l). Let s(a) be the first derivative of z(a). What are the prime factors